{"id":2,"date":"2016-10-11T19:30:05","date_gmt":"2016-10-11T17:30:05","guid":{"rendered":"http:\/\/massidesign.kungfugraphics.com\/?page_id=2"},"modified":"2017-06-02T09:58:34","modified_gmt":"2017-06-02T07:58:34","slug":"home","status":"publish","type":"page","link":"https:\/\/massi.at\/","title":{"rendered":"Home"},"content":{"rendered":"<div id=\"cs-content\" class=\"cs-content\"><\/div>\n","protected":false},"excerpt":{"rendered":"","protected":false},"author":1,"featured_media":0,"parent":0,"menu_order":0,"comment_status":"closed","ping_status":"open","template":"template-blank-4.php","meta":{"pgc_sgb_lightbox_settings":"","footnotes":""},"class_list":["post-2","page","type-page","status-publish","hentry","no-post-thumbnail"],"yoast_head":"<!-- This site is optimized with the Yoast SEO plugin v27.3 - https:\/\/yoast.com\/product\/yoast-seo-wordpress\/ -->\n<title>MASSI betreut Sie vom Konzept bis zur Planung mit hochwertigen M\u00f6beln<\/title>\n<meta name=\"description\" content=\"Massi betreut Sie vom Konzept \u00fcber Planung bis hin zur Verwirklichung. Lange Erfahrung erm\u00f6glicht es Ihre Ideen in die Realit\u00e4t zu verwandeln.\" \/>\n<meta name=\"robots\" content=\"index, follow, max-snippet:-1, max-image-preview:large, max-video-preview:-1\" \/>\n<link rel=\"canonical\" href=\"https:\/\/massi.at\/\" \/>\n<meta property=\"og:locale\" content=\"de_DE\" \/>\n<meta property=\"og:type\" content=\"article\" \/>\n<meta property=\"og:title\" content=\"MASSI betreut Sie vom Konzept bis zur Planung mit hochwertigen M\u00f6beln\" \/>\n<meta property=\"og:description\" content=\"Massi betreut Sie vom Konzept \u00fcber Planung bis hin zur Verwirklichung. Lange Erfahrung erm\u00f6glicht es Ihre Ideen in die Realit\u00e4t zu verwandeln.\" \/>\n<meta property=\"og:url\" content=\"https:\/\/massi.at\/\" \/>\n<meta property=\"og:site_name\" content=\"massi\" \/>\n<meta property=\"article:modified_time\" content=\"2017-06-02T07:58:34+00:00\" \/>\n<meta name=\"twitter:card\" content=\"summary_large_image\" \/>\n<meta name=\"twitter:label1\" content=\"Gesch\u00e4tzte Lesezeit\" \/>\n\t<meta name=\"twitter:data1\" content=\"4\u00a0Minuten\" \/>\n<script type=\"application\/ld+json\" class=\"yoast-schema-graph\">{\"@context\":\"https:\\\/\\\/schema.org\",\"@graph\":[{\"@type\":\"WebPage\",\"@id\":\"https:\\\/\\\/massi.at\\\/\",\"url\":\"https:\\\/\\\/massi.at\\\/\",\"name\":\"MASSI betreut Sie vom Konzept bis zur Planung mit hochwertigen M\u00f6beln\",\"isPartOf\":{\"@id\":\"https:\\\/\\\/massi.at\\\/#website\"},\"datePublished\":\"2016-10-11T17:30:05+00:00\",\"dateModified\":\"2017-06-02T07:58:34+00:00\",\"description\":\"Massi betreut Sie vom Konzept \u00fcber Planung bis hin zur Verwirklichung. Lange Erfahrung erm\u00f6glicht es Ihre Ideen in die Realit\u00e4t zu verwandeln.\",\"breadcrumb\":{\"@id\":\"https:\\\/\\\/massi.at\\\/#breadcrumb\"},\"inLanguage\":\"de\",\"potentialAction\":[{\"@type\":\"ReadAction\",\"target\":[\"https:\\\/\\\/massi.at\\\/\"]}]},{\"@type\":\"BreadcrumbList\",\"@id\":\"https:\\\/\\\/massi.at\\\/#breadcrumb\",\"itemListElement\":[{\"@type\":\"ListItem\",\"position\":1,\"name\":\"Startseite\",\"item\":\"https:\\\/\\\/massi.at\\\/\"},{\"@type\":\"ListItem\",\"position\":2,\"name\":\"Home\"}]},{\"@type\":\"WebSite\",\"@id\":\"https:\\\/\\\/massi.at\\\/#website\",\"url\":\"https:\\\/\\\/massi.at\\\/\",\"name\":\"massi\",\"description\":\"Design und Architektur\",\"potentialAction\":[{\"@type\":\"SearchAction\",\"target\":{\"@type\":\"EntryPoint\",\"urlTemplate\":\"https:\\\/\\\/massi.at\\\/?s={search_term_string}\"},\"query-input\":{\"@type\":\"PropertyValueSpecification\",\"valueRequired\":true,\"valueName\":\"search_term_string\"}}],\"inLanguage\":\"de\"}]}<\/script>\n<!-- \/ Yoast SEO plugin. -->","yoast_head_json":{"title":"MASSI betreut Sie vom Konzept bis zur Planung mit hochwertigen M\u00f6beln","description":"Massi betreut Sie vom Konzept \u00fcber Planung bis hin zur Verwirklichung. Lange Erfahrung erm\u00f6glicht es Ihre Ideen in die Realit\u00e4t zu verwandeln.","robots":{"index":"index","follow":"follow","max-snippet":"max-snippet:-1","max-image-preview":"max-image-preview:large","max-video-preview":"max-video-preview:-1"},"canonical":"https:\/\/massi.at\/","og_locale":"de_DE","og_type":"article","og_title":"MASSI betreut Sie vom Konzept bis zur Planung mit hochwertigen M\u00f6beln","og_description":"Massi betreut Sie vom Konzept \u00fcber Planung bis hin zur Verwirklichung. Lange Erfahrung erm\u00f6glicht es Ihre Ideen in die Realit\u00e4t zu verwandeln.","og_url":"https:\/\/massi.at\/","og_site_name":"massi","article_modified_time":"2017-06-02T07:58:34+00:00","twitter_card":"summary_large_image","twitter_misc":{"Gesch\u00e4tzte Lesezeit":"4\u00a0Minuten"},"schema":{"@context":"https:\/\/schema.org","@graph":[{"@type":"WebPage","@id":"https:\/\/massi.at\/","url":"https:\/\/massi.at\/","name":"MASSI betreut Sie vom Konzept bis zur Planung mit hochwertigen M\u00f6beln","isPartOf":{"@id":"https:\/\/massi.at\/#website"},"datePublished":"2016-10-11T17:30:05+00:00","dateModified":"2017-06-02T07:58:34+00:00","description":"Massi betreut Sie vom Konzept \u00fcber Planung bis hin zur Verwirklichung. Lange Erfahrung erm\u00f6glicht es Ihre Ideen in die Realit\u00e4t zu verwandeln.","breadcrumb":{"@id":"https:\/\/massi.at\/#breadcrumb"},"inLanguage":"de","potentialAction":[{"@type":"ReadAction","target":["https:\/\/massi.at\/"]}]},{"@type":"BreadcrumbList","@id":"https:\/\/massi.at\/#breadcrumb","itemListElement":[{"@type":"ListItem","position":1,"name":"Startseite","item":"https:\/\/massi.at\/"},{"@type":"ListItem","position":2,"name":"Home"}]},{"@type":"WebSite","@id":"https:\/\/massi.at\/#website","url":"https:\/\/massi.at\/","name":"massi","description":"Design und Architektur","potentialAction":[{"@type":"SearchAction","target":{"@type":"EntryPoint","urlTemplate":"https:\/\/massi.at\/?s={search_term_string}"},"query-input":{"@type":"PropertyValueSpecification","valueRequired":true,"valueName":"search_term_string"}}],"inLanguage":"de"}]}},"_links":{"self":[{"href":"https:\/\/massi.at\/index.php?rest_route=\/wp\/v2\/pages\/2","targetHints":{"allow":["GET"]}}],"collection":[{"href":"https:\/\/massi.at\/index.php?rest_route=\/wp\/v2\/pages"}],"about":[{"href":"https:\/\/massi.at\/index.php?rest_route=\/wp\/v2\/types\/page"}],"author":[{"embeddable":true,"href":"https:\/\/massi.at\/index.php?rest_route=\/wp\/v2\/users\/1"}],"replies":[{"embeddable":true,"href":"https:\/\/massi.at\/index.php?rest_route=%2Fwp%2Fv2%2Fcomments&post=2"}],"version-history":[{"count":43,"href":"https:\/\/massi.at\/index.php?rest_route=\/wp\/v2\/pages\/2\/revisions"}],"predecessor-version":[{"id":299,"href":"https:\/\/massi.at\/index.php?rest_route=\/wp\/v2\/pages\/2\/revisions\/299"}],"wp:attachment":[{"href":"https:\/\/massi.at\/index.php?rest_route=%2Fwp%2Fv2%2Fmedia&parent=2"}],"curies":[{"name":"wp","href":"https:\/\/api.w.org\/{rel}","templated":true}]}}